l + 5*d. What are the prime factors of ((2*8)/l)/1?
2
Suppose -8*o = -o + 56. Let y = -1 - o. What are the prime factors of y?
7
Suppose 0 = -2*v - 3*f + 18, f = 2*v - 0*v - 10. Let c be (1 + -1)*2/2. Suppose c = -2*s + v*s - 40. List the prime factors of s.
2, 5
Let n be ((-1)/(-3))/((-5)/(-60)). Suppose -j + 36 = u, n*j = -0*u - 2*u + 64. List the prime factors of u.
2, 5
Let w be (-2 - -3)/(1/2). Let n = w - -2. Suppose -f + g + 9 = 0, n*f + 1 = g + 31. List the prime factors of f.
7
Let x be (1 + 2)/((-9)/(-21)). Let g(d) = 2*d - 1. List the prime factors of g(x).
13
Let s = -49 - -49. Let c(o) be the first derivative of -o**2/2 + 15*o - 1. What are the prime factors of c(s)?
3, 5
Let z = 228 - 110. List the prime factors of z.
2, 59
Suppose -5*l + 2*s + 580 = 0, 9*l = 7*l + 4*s + 216. List the prime factors of l.
2, 59
Let g be 2 - 0/(0 - -3). Suppose g*j = 5*o + 14, -2*o = -2*j + 9 + 11. What are the prime factors of j?
2, 3
Let g(c) = -c**3 - c**2 + c - 1. Suppose 3*s - 10 = -2*s. Let a be g(s). Let v = 19 + a. List the prime factors of v.
2
Let v(o) = -16*o**3 - o**2 + 1. Suppose -2*p - 6*n = -2*n + 22, 5*n + 25 = 0. List the prime factors of v(p).
2
Let c(g) = 1 - 1 - 1 + 9*g. List the prime factors of c(1).
2
Let k(m) = -m**3 - m**2 - m + 1. Let j be k(0). Let n(x) = 19*x**3 - x**2. List the prime factors of n(j).
2, 3
Let z be 9/(-4) + (-2)/(-8). What are the prime factors of (50/(-5))/(z + 1)?
2, 5
Let n(k) = -4*k**3 - 4*k**2 + 3*k - 5. Let p(r) = 9*r**3 + 9*r**2 - 7*r + 10. Let l(u) = -7*n(u) - 3*p(u). What are the prime factors of l(0)?
5
Let f(i) = i**2 - 5*i + 5. Let q be f(4). Let d be q - 0 - (-4)/1. What are the prime factors of (-2)/d + 74/10?
7
Let a = 548 + -341. List the prime factors of a.
3, 23
Let d = 553 + -351. What are the prime factors of d?
2, 101
What are the prime factors of (15816/15)/4 + (-20)/(-50)?
2, 3, 11
Let d be 1/(-4) - (-2)/8. Suppose d*n - n = -6. Suppose -n = -2*j - j. List the prime factors of j.
2
Let x be 2/(-6) + 5/15. Suppose x = -3*n - 2 - 10. What are the prime factors of (n/(-6))/(7/21)?
2
Suppose 85 = 5*p - 5*f, 2*p + 4*f + f - 41 = 0. What are the prime factors of p?
2, 3
Suppose -4*q + 11*q = 77. What are the prime factors of q?
11
Let k = 25 - -41. List the prime factors of k.
2, 3, 11
Suppose -3*c + 40 = -7*c. Let v = c - -14. List the prime factors of v.
2
Let u(y) be the first derivative of y**4/4 - 10*y**3/3 - 5*y**2 + y + 6. List the prime factors of u(11).
2, 3
List the prime factors of (-5)/(-5) - (-4 - -1).
2
What are the prime factors of 3 + 3/(-1) + 24?
2, 3
Let u = -1 - -8. Suppose -u*m + 255 = -2*m. What are the prime factors of m?
3, 17
Let b = 9 - 6. List the prime factors of b*-1 + 44/4.
2
List the prime factors of 16/4 + 60 + 0.
2
Let b(w) = 72*w**2 - 2*w + 3. What are the prime factors of b(1)?
73
Let x = 6 - 6. List the prime factors of x + -1 + 1 - -12.
2, 3
Let l = -53 + 109. List the prime factors of l.
2, 7
Let q(x) = x**2 - 11*x + 9. What are the prime factors of q(13)?
5, 7
Let l be 2 - (-3 - -4)*-2. Let w be (6 - l) + 1 + -1. Suppose -3*i - 48 = -3*q, -5*q - w*i - 15 + 116 = 0. List the prime factors of q.
19
Suppose 3*p + 171 = 6*p. List the prime factors of p.
3, 19
Let d = 5 - 0. Suppose 15 = d*x - 0*x. List the prime factors of x.
3
Let w be (-2)/8 - (-36)/16. Suppose w*m - 21 = -7. What are the prime factors of (-1 - 0)*(-3 - m)?
2, 5
Suppose t - s - 23 = -0*s, 0 = 4*t + s - 72. List the prime factors of t.
19
Let u(p) = -p + 6. Suppose 2*d = -t + 15, 3*d + t - 27 = -d. Let j be u(d). Suppose 4*v - 12 = -j. What are the prime factors of v?
3
Let p(b) = 1 + 17*b**2 - 11*b - 5*b + 17*b. Suppose -12 + 1 = -4*k + 3*x, -2*x - 10 = 0. What are the prime factors of p(k)?
17
List the prime factors of 0 + 42 - (-1 - 1).
2, 11
Let h(n) = 33*n**2 + 3*n - 2. What are the prime factors of h(1)?
2, 17
Let f = -3 + 8. Suppose 0*h = f*h - 15. Suppose 34 = h*n + 4. List the prime factors of n.
2, 5
Let m(w) = -6 + w**2 + 2*w + 4*w - 4 + 3. Let d be m(-7). Suppose 2*h + 4 = -d*h + 5*v, 5*h + 5*v - 60 = 0. What are the prime factors of h?
2
Let r = 16 + -9. Let j = r - 4. Suppose j*f - 24 - 12 = 0. What are the prime factors of f?
2, 3
Let h(k) = -11*k**3 + k**2 - 1. Let n = -8 + 2. Let c be (2/3)/(4/n). List the prime factors of h(c).
11
What are the prime factors of ((-2)/(-4))/((-1)/(-14))?
7
Let f(w) = -w**3 - 6*w**2 + 6. Let c(k) = -k**3 - 11*k**2 - 8*k + 14. Let t be c(-10). What are the prime factors of f(t)?
2, 3
Let t = -9 - -11. Suppose t*r - 26 = -o + 9, -29 = -2*r + o. What are the prime factors of r?
2
Suppose 7*p = 8*p - 2. Suppose -4 = p*x - 76. List the prime factors of x.
2, 3
Suppose -6*t - 147 = -9*t. Let g = t + -5. What are the prime factors of g?
2, 11
Suppose -2*i - 18 = i. Let q be i/(-4) - 9/2. List the prime factors of (-41)/(-3) + 2/q.
13
Let g be (8 - -1) + (6/1)/(-6). Let b be 6/21 + (-18)/14. List the prime factors of -1 + g - (b - 2).
2, 5
Let p(r) = r**3 + 6*r**2 - 10*r - 7. Let b be p(-7). Suppose 3*j - 20 = 2*q, -2*j + 4*j - 2*q = b. List the prime factors of 7 + -1*j/3.
5
Suppose 16*k + 20 = 18*k. List the prime factors of k.
2, 5
Suppose -2*n + 2*o = -20, -o - 42 + 8 = -5*n. What are the prime factors of 462/36 - (-1)/n?
13
Let q be (-1 + -1)*(1 - 3). Suppose q*u + 0 - 12 = 0. List the prime factors of u.
3
Suppose -x + 5*v - 224 = -5*x, 0 = x + 4*v - 45. List the prime factors of x.
61
Let d be -1 - -1 - 6/(-1). List the prime factors of (9 - 1)/(d/9).
2, 3
Let c(u) = 2*u**2 - u + 1. Let p = 10 + -9. Let q be c(p). List the prime factors of (-1)/((-1)/10*q).
5
Suppose -2*k = -0*k - 14. Let j = 9 - k. List the prime factors of j.
2
Let a = -13 - -26. What are the prime factors of a?
13
Let o = -46 - -35. Suppose 0 = y - 8 - 14. Let c = o + y. What are the prime factors of c?
11
Let n be 1*3/(-3) + 6. Suppose 26 = n*s - 3*r, -2*s + 6*s - r - 18 = 0. Suppose -3*i + s*m - 52 = -5*i, 4*i = 3*m + 49. What are the prime factors of i?
2
List the prime factors of 10*(-3)/(-18)*33.
5, 11
Let j = 341 + -14. Suppose -4*k - j = -111. What are the prime factors of (-2)/(-5) + k/(-15)?
2
Let l(y) = y**3 + 10*y**2 + 8*y - 12. Let p be l(-9). Let m(x) = x + 7. Let z be m(p). Suppose 4*j + i = -j + 27, 5*i = -z*j + 30. List the prime factors of j.
5
Suppose 3*l + 5*y - 23 = 0, -2*l - 17 = -3*l - 4*y. What are the prime factors of (50/15)/(l/6)?
2, 5
Let f(q) = -q**2 - 2*q + 25. Let o be f(0). Let y = 52 - o. List the prime factors of y.
3
Let d(x) = -x**3 - 18*x**2 - 2*x - 24. What are the prime factors of d(-18)?
2, 3
Let t(g) = 2. Let v(k) = k. Let p(b) = t(b) + 2*v(b). List the prime factors of p(5).
2, 3
Let w = 7 + -17. Let t = w + 20. What are the prime factors of t?
2, 5
Let u = -52 - -84. What are the prime factors of u?
2
Suppose -4*t + 177 = -263. List the prime factors of t.
2, 5, 11
What are the prime factors of (-819)/(-3) + (-4)/(16/12)?
2, 3, 5
What are the prime factors of ((-1)/(0 + 1))/(2/(-60))?
2, 3, 5
Let v(l) = l - 15. Let x be v(11). Let g(n) = n**3 + 5*n**2 + 3*n + 5. What are the prime factors of g(x)?
3
Let x(w) = 2*w + 5. Let t(i) = i + 6. Let v be t(-6). What are the prime factors of x(v)?
5
Suppose -209 = -5*s + 4*c, 0 = -0*s - 2*s - 2*c + 80. Suppose 4*l - s = -7*q + 2*q, -2*q - 4*l = -26. What are the prime factors of q?
5
Suppose 0 = -2*z - 3*c + 16, -1 = z - c - 4. Suppose z*b - 11 - 9 = 0. List the prime factors of b.
2
Let i(r) = 2*r - r**2 - r**2 + 3*r**2 + 3 + 0. List the prime factors of i(-7).
2, 19
Suppose -196 = -2*j - 4*q - 0*q, 5*q = -5*j + 515. What are the prime factors of (-2)/14 + j/21?
5
Let b(m) = m**3 + 18*m**2 - 7*m**2 + 1 + 1 + 10*m. List the prime factors of b(-10).
2
Suppose -7 = -2*d + 5. Suppose 0 = -j + 3*j - d. List the prime factors of j.
3
Let i = 11 - -101. List the prime factors of i.
2, 7
Let o = 15 + -31. What are the prime factors of (-212)/o + (-6)/(-8)?
2, 7
Suppose -h = -4*n + 25, -2*h + 10 = 6*n - 2*n. Let r(p) = -5*p**2 - 2*p**3 - 2 + p**3 + 6. What are the prime factors of r(h)?
2
Suppose 6*z = z + 110. Suppose -3*p + 2*p + z = 0. List the prime factors of p.
2, 11
Let n(u) = u**3 - 18*u**2 + 14*u - 34. List the prime factors of n(18).
2, 109
Let i(m) = 2*m**2 - 5*m. List the prime f